{"id":184,"date":"2019-04-07T12:24:23","date_gmt":"2019-04-07T10:24:23","guid":{"rendered":"https:\/\/oppteknikk.24sevenstore.no\/?post_type=product&#038;p=184"},"modified":"2019-04-24T13:32:32","modified_gmt":"2019-04-24T11:32:32","slug":"refill-oyeskyllevaeske-500-ml-2-pk","status":"publish","type":"product","link":"https:\/\/oppteknikk.24sevenstore.no\/?product=refill-oyeskyllevaeske-500-ml-2-pk","title":{"rendered":"Refill \u00f8yeskyllev\u00e6ske 500 ml 2 pk"},"content":{"rendered":"","protected":false},"excerpt":{"rendered":"<p>\u00d8yeskylleflasker med funksjonell design og gode skylleegenskaper.\u00a0En lett h\u00e5ndterlig flaske med ergonomisk \u00f8yekopp og gener\u00f8s flyt av v\u00e6ske. Cederroth \u00f8yedusj inneholder 500 ml steril isoton og bufret koksaltl\u00f8sning uten konserveringsmiddel. Det betyr at\u00a0v\u00e6sken har en n\u00f8ytraliserende effekt p\u00e5 sprut av syre eller base. Kan\u00a0plasseres i koffert eller egen\u00a0<a href=\"https:\/\/lifenorge.no\/products\/oyeskylleboks\">\u00f8yeskylleboks<\/a>. Holdbarhet 4,5 \u00e5r i u\u00e5pnet tilstand.<\/p>\n<p><strong>Produktinformasjon<\/strong>: H: 24 B: 14,5 D: 7 cm<\/p>\n","protected":false},"featured_media":187,"comment_status":"open","ping_status":"closed","template":"","meta":[],"product_brand":[],"product_cat":[34],"product_tag":[],"class_list":{"0":"post-184","1":"product","2":"type-product","3":"status-publish","4":"has-post-thumbnail","6":"product_cat-refill-forstehjelpsutstyr","7":"product_shipping_class-medium-pakker","9":"first","10":"onbackorder","11":"taxable","12":"shipping-taxable","13":"purchasable","14":"product-type-simple"},"_links":{"self":[{"href":"https:\/\/oppteknikk.24sevenstore.no\/index.php?rest_route=\/wp\/v2\/product\/184","targetHints":{"allow":["GET"]}}],"collection":[{"href":"https:\/\/oppteknikk.24sevenstore.no\/index.php?rest_route=\/wp\/v2\/product"}],"about":[{"href":"https:\/\/oppteknikk.24sevenstore.no\/index.php?rest_route=\/wp\/v2\/types\/product"}],"replies":[{"embeddable":true,"href":"https:\/\/oppteknikk.24sevenstore.no\/index.php?rest_route=%2Fwp%2Fv2%2Fcomments&post=184"}],"wp:featuredmedia":[{"embeddable":true,"href":"https:\/\/oppteknikk.24sevenstore.no\/index.php?rest_route=\/wp\/v2\/media\/187"}],"wp:attachment":[{"href":"https:\/\/oppteknikk.24sevenstore.no\/index.php?rest_route=%2Fwp%2Fv2%2Fmedia&parent=184"}],"wp:term":[{"taxonomy":"product_brand","embeddable":true,"href":"https:\/\/oppteknikk.24sevenstore.no\/index.php?rest_route=%2Fwp%2Fv2%2Fproduct_brand&post=184"},{"taxonomy":"product_cat","embeddable":true,"href":"https:\/\/oppteknikk.24sevenstore.no\/index.php?rest_route=%2Fwp%2Fv2%2Fproduct_cat&post=184"},{"taxonomy":"product_tag","embeddable":true,"href":"https:\/\/oppteknikk.24sevenstore.no\/index.php?rest_route=%2Fwp%2Fv2%2Fproduct_tag&post=184"}],"curies":[{"name":"wp","href":"https:\/\/api.w.org\/{rel}","templated":true}]}}