{"id":179,"date":"2019-03-28T11:49:17","date_gmt":"2019-03-28T10:49:17","guid":{"rendered":"https:\/\/oppteknikk.24sevenstore.no\/?post_type=product&#038;p=179"},"modified":"2019-04-16T10:53:23","modified_gmt":"2019-04-16T08:53:23","slug":"plasterdispenser-med-soft1-bla","status":"publish","type":"product","link":"https:\/\/oppteknikk.24sevenstore.no\/?product=plasterdispenser-med-soft1-bla","title":{"rendered":"Plasterdispenser med soft1 bl\u00e5"},"content":{"rendered":"","protected":false},"excerpt":{"rendered":"<p>Soft1 Plasterdispenser har nytt moderne design, med transparent innerlokk som beskytter plasteret og gj\u00f8r det enkelt \u00e5 kontrollere og etterfylle plasterdispenseren.\u00a0Plasterdispenseren leveres med\u00a0Soft1 bl\u00e5 plaster\u00a0i st\u00f8rrelsen 6 cm x 5m.<\/p>\n<p>Plastrene er limfrie, blodabsorberende, hudvennlige, tverrelastiske og gir stor bevegelighet i ledd. De kan anvendes p\u00e5 alle typer s\u00e5r uavhengig av varme, kulde, v\u00e5tt eller t\u00f8rt element. Soft1 plaster er selvheftende og fester ikke til hud, h\u00e5r eller s\u00e5r.<\/p>\n","protected":false},"featured_media":181,"comment_status":"open","ping_status":"closed","template":"","meta":[],"product_brand":[],"product_cat":[27],"product_tag":[],"class_list":{"0":"post-179","1":"product","2":"type-product","3":"status-publish","4":"has-post-thumbnail","6":"product_cat-forstehjelpsutstyr","7":"product_shipping_class-medium-pakker","9":"first","10":"onbackorder","11":"taxable","12":"shipping-taxable","13":"purchasable","14":"product-type-simple"},"_links":{"self":[{"href":"https:\/\/oppteknikk.24sevenstore.no\/index.php?rest_route=\/wp\/v2\/product\/179","targetHints":{"allow":["GET"]}}],"collection":[{"href":"https:\/\/oppteknikk.24sevenstore.no\/index.php?rest_route=\/wp\/v2\/product"}],"about":[{"href":"https:\/\/oppteknikk.24sevenstore.no\/index.php?rest_route=\/wp\/v2\/types\/product"}],"replies":[{"embeddable":true,"href":"https:\/\/oppteknikk.24sevenstore.no\/index.php?rest_route=%2Fwp%2Fv2%2Fcomments&post=179"}],"wp:featuredmedia":[{"embeddable":true,"href":"https:\/\/oppteknikk.24sevenstore.no\/index.php?rest_route=\/wp\/v2\/media\/181"}],"wp:attachment":[{"href":"https:\/\/oppteknikk.24sevenstore.no\/index.php?rest_route=%2Fwp%2Fv2%2Fmedia&parent=179"}],"wp:term":[{"taxonomy":"product_brand","embeddable":true,"href":"https:\/\/oppteknikk.24sevenstore.no\/index.php?rest_route=%2Fwp%2Fv2%2Fproduct_brand&post=179"},{"taxonomy":"product_cat","embeddable":true,"href":"https:\/\/oppteknikk.24sevenstore.no\/index.php?rest_route=%2Fwp%2Fv2%2Fproduct_cat&post=179"},{"taxonomy":"product_tag","embeddable":true,"href":"https:\/\/oppteknikk.24sevenstore.no\/index.php?rest_route=%2Fwp%2Fv2%2Fproduct_tag&post=179"}],"curies":[{"name":"wp","href":"https:\/\/api.w.org\/{rel}","templated":true}]}}